{"id":92,"date":"2024-04-03T14:51:39","date_gmt":"2024-04-03T14:51:39","guid":{"rendered":"https:\/\/www.cepikz.pl\/?page_id=92"},"modified":"2024-07-24T05:57:57","modified_gmt":"2024-07-24T05:57:57","slug":"oferta","status":"publish","type":"page","link":"https:\/\/www.cepikz.pl\/index.php\/oferta\/","title":{"rendered":"OFERTA"},"content":{"rendered":"\t\t<div data-elementor-type=\"wp-page\" data-elementor-id=\"92\" class=\"elementor elementor-92\" data-elementor-post-type=\"page\">\n\t\t\t\t<div class=\"elementor-element elementor-element-b199832 e-con-full e-flex e-con e-parent\" data-id=\"b199832\" data-element_type=\"container\">\n\t\t\t\t<div class=\"elementor-element elementor-element-e32296d elementor-widget elementor-widget-text-editor\" data-id=\"e32296d\" data-element_type=\"widget\" data-widget_type=\"text-editor.default\">\n\t\t\t\t<div class=\"elementor-widget-container\">\n\t\t\t\t\t\t\t\t\t<ol><li>OFERTA \u2013 CEPiKZ jest skierowana, do wszelkich instytucji rz\u0105dowych oraz pozarz\u0105dowych, firm prywatnych oraz os\u00f3b prywatnych, kt\u00f3rzy maj\u0105 problem z wyegzekwowaniem zad\u0142u\u017cenia wobec kierowcy. \u00a0W bazie znajdziemy pojazdy nie tylko d\u0142u\u017cnik\u00f3w, ale i pojazdy, kt\u00f3re nie zosta\u0142y przerejestrowane w ustawowym terminie. Pojazdy, gdzie nie ustalono sprawc\u00f3w wykrocze\u0144 i wy\u0142udze\u0144 po przeprowadzonych czynno\u015bciach sprawdzaj\u0105cych przez Policj\u0119 z zawiadomienia sp\u00f3\u0142ki. Pojazdy kt\u00f3rych kierowcy utrudniaj\u0105 \u017cycie innym b\u0105d\u017a stwarzaj\u0105 problemy oraz zagro\u017cenia na drogach.<\/li><\/ol>\t\t\t\t\t\t\t\t<\/div>\n\t\t\t\t<\/div>\n\t\t\t\t<\/div>\n\t\t\t\t<\/div>\n\t\t","protected":false},"excerpt":{"rendered":"<p>OFERTA \u2013 CEPiKZ jest skierowana, do wszelkich instytucji rz\u0105dowych oraz pozarz\u0105dowych, firm prywatnych oraz os\u00f3b prywatnych, kt\u00f3rzy maj\u0105 problem z wyegzekwowaniem zad\u0142u\u017cenia wobec kierowcy. \u00a0W bazie znajdziemy pojazdy nie tylko d\u0142u\u017cnik\u00f3w, ale i pojazdy, kt\u00f3re nie zosta\u0142y przerejestrowane w ustawowym terminie. Pojazdy, gdzie nie ustalono sprawc\u00f3w wykrocze\u0144 i wy\u0142udze\u0144 po przeprowadzonych czynno\u015bciach sprawdzaj\u0105cych przez Policj\u0119 [&hellip;]<\/p>\n","protected":false},"author":1,"featured_media":0,"parent":0,"menu_order":0,"comment_status":"closed","ping_status":"closed","template":"elementor_header_footer","meta":{"_et_pb_use_builder":"","_et_pb_old_content":"","_et_gb_content_width":"1920","footnotes":""},"class_list":["post-92","page","type-page","status-publish","hentry"],"yoast_head":"<!-- This site is optimized with the Yoast SEO plugin v25.6 - https:\/\/yoast.com\/wordpress\/plugins\/seo\/ -->\n<title>OFERTA - Centralna ewidencja pojazd\u00f3w i kierowc\u00f3w zad\u0142u\u017conych<\/title>\n<meta name=\"robots\" content=\"index, follow, max-snippet:-1, max-image-preview:large, max-video-preview:-1\" \/>\n<link rel=\"canonical\" href=\"http:\/\/www.cepikz.pl\/index.php\/oferta\/\" \/>\n<meta property=\"og:locale\" content=\"pl_PL\" \/>\n<meta property=\"og:type\" content=\"article\" \/>\n<meta property=\"og:title\" content=\"OFERTA - Centralna ewidencja pojazd\u00f3w i kierowc\u00f3w zad\u0142u\u017conych\" \/>\n<meta property=\"og:description\" content=\"OFERTA \u2013 CEPiKZ jest skierowana, do wszelkich instytucji rz\u0105dowych oraz pozarz\u0105dowych, firm prywatnych oraz os\u00f3b prywatnych, kt\u00f3rzy maj\u0105 problem z wyegzekwowaniem zad\u0142u\u017cenia wobec kierowcy. \u00a0W bazie znajdziemy pojazdy nie tylko d\u0142u\u017cnik\u00f3w, ale i pojazdy, kt\u00f3re nie zosta\u0142y przerejestrowane w ustawowym terminie. Pojazdy, gdzie nie ustalono sprawc\u00f3w wykrocze\u0144 i wy\u0142udze\u0144 po przeprowadzonych czynno\u015bciach sprawdzaj\u0105cych przez Policj\u0119 [&hellip;]\" \/>\n<meta property=\"og:url\" content=\"http:\/\/www.cepikz.pl\/index.php\/oferta\/\" \/>\n<meta property=\"og:site_name\" content=\"CEPIKZ\" \/>\n<meta property=\"article:modified_time\" content=\"2024-07-24T05:57:57+00:00\" \/>\n<meta name=\"twitter:card\" content=\"summary_large_image\" \/>\n<meta name=\"twitter:label1\" content=\"Szacowany czas czytania\" \/>\n\t<meta name=\"twitter:data1\" content=\"1 minuta\" \/>\n<script type=\"application\/ld+json\" class=\"yoast-schema-graph\">{\"@context\":\"https:\/\/schema.org\",\"@graph\":[{\"@type\":\"WebPage\",\"@id\":\"http:\/\/www.cepikz.pl\/index.php\/oferta\/\",\"url\":\"http:\/\/www.cepikz.pl\/index.php\/oferta\/\",\"name\":\"OFERTA - Centralna ewidencja pojazd\u00f3w i kierowc\u00f3w zad\u0142u\u017conych\",\"isPartOf\":{\"@id\":\"https:\/\/www.cepikz.pl\/#website\"},\"datePublished\":\"2024-04-03T14:51:39+00:00\",\"dateModified\":\"2024-07-24T05:57:57+00:00\",\"breadcrumb\":{\"@id\":\"http:\/\/www.cepikz.pl\/index.php\/oferta\/#breadcrumb\"},\"inLanguage\":\"pl-PL\",\"potentialAction\":[{\"@type\":\"ReadAction\",\"target\":[\"http:\/\/www.cepikz.pl\/index.php\/oferta\/\"]}]},{\"@type\":\"BreadcrumbList\",\"@id\":\"http:\/\/www.cepikz.pl\/index.php\/oferta\/#breadcrumb\",\"itemListElement\":[{\"@type\":\"ListItem\",\"position\":1,\"name\":\"Home\",\"item\":\"https:\/\/www.cepikz.pl\/\"},{\"@type\":\"ListItem\",\"position\":2,\"name\":\"OFERTA\"}]},{\"@type\":\"WebSite\",\"@id\":\"https:\/\/www.cepikz.pl\/#website\",\"url\":\"https:\/\/www.cepikz.pl\/\",\"name\":\"CEPIKZ\",\"description\":\"\",\"potentialAction\":[{\"@type\":\"SearchAction\",\"target\":{\"@type\":\"EntryPoint\",\"urlTemplate\":\"https:\/\/www.cepikz.pl\/?s={search_term_string}\"},\"query-input\":{\"@type\":\"PropertyValueSpecification\",\"valueRequired\":true,\"valueName\":\"search_term_string\"}}],\"inLanguage\":\"pl-PL\"}]}<\/script>\n<!-- \/ Yoast SEO plugin. -->","yoast_head_json":{"title":"OFERTA - Centralna ewidencja pojazd\u00f3w i kierowc\u00f3w zad\u0142u\u017conych","robots":{"index":"index","follow":"follow","max-snippet":"max-snippet:-1","max-image-preview":"max-image-preview:large","max-video-preview":"max-video-preview:-1"},"canonical":"http:\/\/www.cepikz.pl\/index.php\/oferta\/","og_locale":"pl_PL","og_type":"article","og_title":"OFERTA - Centralna ewidencja pojazd\u00f3w i kierowc\u00f3w zad\u0142u\u017conych","og_description":"OFERTA \u2013 CEPiKZ jest skierowana, do wszelkich instytucji rz\u0105dowych oraz pozarz\u0105dowych, firm prywatnych oraz os\u00f3b prywatnych, kt\u00f3rzy maj\u0105 problem z wyegzekwowaniem zad\u0142u\u017cenia wobec kierowcy. \u00a0W bazie znajdziemy pojazdy nie tylko d\u0142u\u017cnik\u00f3w, ale i pojazdy, kt\u00f3re nie zosta\u0142y przerejestrowane w ustawowym terminie. Pojazdy, gdzie nie ustalono sprawc\u00f3w wykrocze\u0144 i wy\u0142udze\u0144 po przeprowadzonych czynno\u015bciach sprawdzaj\u0105cych przez Policj\u0119 [&hellip;]","og_url":"http:\/\/www.cepikz.pl\/index.php\/oferta\/","og_site_name":"CEPIKZ","article_modified_time":"2024-07-24T05:57:57+00:00","twitter_card":"summary_large_image","twitter_misc":{"Szacowany czas czytania":"1 minuta"},"schema":{"@context":"https:\/\/schema.org","@graph":[{"@type":"WebPage","@id":"http:\/\/www.cepikz.pl\/index.php\/oferta\/","url":"http:\/\/www.cepikz.pl\/index.php\/oferta\/","name":"OFERTA - Centralna ewidencja pojazd\u00f3w i kierowc\u00f3w zad\u0142u\u017conych","isPartOf":{"@id":"https:\/\/www.cepikz.pl\/#website"},"datePublished":"2024-04-03T14:51:39+00:00","dateModified":"2024-07-24T05:57:57+00:00","breadcrumb":{"@id":"http:\/\/www.cepikz.pl\/index.php\/oferta\/#breadcrumb"},"inLanguage":"pl-PL","potentialAction":[{"@type":"ReadAction","target":["http:\/\/www.cepikz.pl\/index.php\/oferta\/"]}]},{"@type":"BreadcrumbList","@id":"http:\/\/www.cepikz.pl\/index.php\/oferta\/#breadcrumb","itemListElement":[{"@type":"ListItem","position":1,"name":"Home","item":"https:\/\/www.cepikz.pl\/"},{"@type":"ListItem","position":2,"name":"OFERTA"}]},{"@type":"WebSite","@id":"https:\/\/www.cepikz.pl\/#website","url":"https:\/\/www.cepikz.pl\/","name":"CEPIKZ","description":"","potentialAction":[{"@type":"SearchAction","target":{"@type":"EntryPoint","urlTemplate":"https:\/\/www.cepikz.pl\/?s={search_term_string}"},"query-input":{"@type":"PropertyValueSpecification","valueRequired":true,"valueName":"search_term_string"}}],"inLanguage":"pl-PL"}]}},"_links":{"self":[{"href":"https:\/\/www.cepikz.pl\/index.php\/wp-json\/wp\/v2\/pages\/92"}],"collection":[{"href":"https:\/\/www.cepikz.pl\/index.php\/wp-json\/wp\/v2\/pages"}],"about":[{"href":"https:\/\/www.cepikz.pl\/index.php\/wp-json\/wp\/v2\/types\/page"}],"author":[{"embeddable":true,"href":"https:\/\/www.cepikz.pl\/index.php\/wp-json\/wp\/v2\/users\/1"}],"replies":[{"embeddable":true,"href":"https:\/\/www.cepikz.pl\/index.php\/wp-json\/wp\/v2\/comments?post=92"}],"version-history":[{"count":8,"href":"https:\/\/www.cepikz.pl\/index.php\/wp-json\/wp\/v2\/pages\/92\/revisions"}],"predecessor-version":[{"id":347,"href":"https:\/\/www.cepikz.pl\/index.php\/wp-json\/wp\/v2\/pages\/92\/revisions\/347"}],"wp:attachment":[{"href":"https:\/\/www.cepikz.pl\/index.php\/wp-json\/wp\/v2\/media?parent=92"}],"curies":[{"name":"wp","href":"https:\/\/api.w.org\/{rel}","templated":true}]}}